2 is divided by p?
0
Let l = 11 + -7. Suppose l*a + 0*a = 100. What is the remainder when a is divided by 13?
12
Let n = 57 + -39. Calculate the remainder when 35 is divided by n.
17
Suppose -56 = -4*o + 2*q, -12 = -2*o + 2*q + 3*q. Calculate the remainder when o is divided by (-1 + 3)/((-4)/(-18)).
7
Suppose 3*l - 5*a = 6*l - 91, 2*l = -3*a + 59. Calculate the remainder when 57 is divided by l.
13
Calculate the remainder when 22 is divided by (-34)/(-4) + (-5)/10.
6
Suppose s - 4*g = 29, 0 = -0*s + 3*s - 2*g - 77. Calculate the remainder when 73 is divided by s.
23
Let k = 30 - 7. Suppose -3*l - 5*q + k = -7, 2*l = -4*q + 20. Calculate the remainder when 48 is divided by l.
8
Suppose -3*i + 6 = -3. Let n = i + 0. Let q = 24 + -16. What is the remainder when q is divided by n?
2
Suppose -8 = -4*g, 188 = 5*b - 5*g + 43. Calculate the remainder when 92 is divided by b.
30
Let h = 100 - 48. Calculate the remainder when h is divided by 9.
7
Suppose 2*v - 3*v = -10. Suppose 3*j - 76 = -j. Calculate the remainder when j is divided by v.
9
Suppose d - 5*a = 12, 3*d + 5*a - 2*a = 0. Let z(h) = h**3 + 2*h - 3. Suppose 2*b - b = 17. What is the remainder when b is divided by z(d)?
8
What is the remainder when 25 is divided by (0 + 3)/(-1)*39/(-9)?
12
Calculate the remainder when 34 is divided by 7/((-35)/20) - -12.
2
Let a = -4 + 6. What is the remainder when 7/2 + 10/20 is divided by a?
0
Let r be (-509)/(-2) - (-3)/6. What is the remainder when 1/(r/(-129) + 2) is divided by 15?
13
Suppose 3*l - y - 110 = 0, 2*l + 5*y = 31 + 65. Suppose -b = -2*n, -4*b = b + n - 55. Calculate the remainder when l is divided by b.
8
Suppose 50*i = 46*i + 28. Let o be 1470/4 - (-2)/4. Calculate the remainder when (-2)/7 + o/14 is divided by i.
5
Let h = -26 + 18. Let y(x) = 2*x**2 - 4*x + 11. Let g be y(h). What is the remainder when 32 is divided by g/15 + 2/(-5)?
10
Suppose -s - s - 22 = 0. Let z(t) = -t**3 - 11*t**2 - 6*t - 12. Let j be z(s). Calculate the remainder when (j/(-5))/(4/(-10)) is divided by 10.
7
What is the remainder when (-124 - 0)*(-3)/6 is divided by 16?
14
Let o(z) = 16*z**2 + 1. Calculate the remainder when 64 is divided by o(1).
13
Let r be -25 + 4/(-4 - 0). Let f = 43 + r. Calculate the remainder when 32 is divided by f.
15
Suppose 4*h + 160 = -h. Suppose -4*s = -s + 3. What is the remainder when s/2*h*2 is divided by 11?
10
Let x(q) = -q**3 - 10*q**2 + 8*q + 9. What is the remainder when x(-11) is divided by 5?
2
Let r = 38 - 24. Suppose 7*l - n = 2*l + 200, 0 = 4*l + 2*n - 174. Calculate the remainder when l is divided by r.
13
Suppose 3*q - 60 = 6*q. What is the remainder when (1 - 2)*0 - q is divided by 7?
6
Suppose 2*j + j = 4*x - 12, -4*x = -2*j - 8. Suppose 0*z - 4*z + 44 = x. What is the remainder when 41 is divided by z?
8
Suppose -3*u + 23 = -5*b, u - 2 = -u. Let n = b - -10. Calculate the remainder when 3/n - 6/(-4) is divided by 2.
0
Suppose 395 = -s + 6*s. Calculate the remainder when s is divided by (-15)/20 + 83/4.
19
Suppose h = -2*h - 12. Let r = -1 - h. Let s(g) = 8*g + 1. What is the remainder when s(1) is divided by r?
0
Suppose 4*b = -5*w + 61, -6*w = -3*w + 4*b - 35. What is the remainder when 38 is divided by w?
12
Let u(y) = -y**3 - 5*y - 2. Let o(g) = 2*g**3 + g**2 + 6*g + 2. Let t = 4 + 0. Let j(p) = t*u(p) + 3*o(p). What is the remainder when 43 is divided by j(2)?
21
Let t be 12/20 + 6/(-10). Suppose -2*n + 4*n - 12 = t. What is the remainder when 17 is divided by n?
5
Suppose 0*i - 45 = -3*i. Calculate the remainder when i is divided by 2/(-1) + 4 + 6.
7
Let d(x) = 3*x**2 - 12*x + 28. Calculate the remainder when d(5) is divided by 15.
13
Suppose 4*s - 7 = 21. Suppose 5*b + 4*h - 4 = 4, -5 = -5*b - 5*h. What is the remainder when s is divided by b?
3
Let c(x) = -x**2 + 11*x - 7. Let b be c(10). Let n = b + 1. Let p(h) = h**3 + 5*h**2 + 4*h + 6. Calculate the remainder when p(-4) is divided by n.
2
Let q(w) = 11*w**3 - w**2. Let h be q(1). Let r = -6 + h. Calculate the remainder when 2*-2 + (-15)/(-1) is divided by r.
3
Suppose -312 = -5*t + t. What is the remainder when t is divided by 20?
18
Let f = 39 + -20. Suppose d - 3*i - f = 0, d + 2*i = -3*d + 6. Suppose -2*g + 10 = 0, -5*b + d*g + 77 = -73. Calculate the remainder when b is divided by 12.
10
Suppose m = -2*s - 5 - 1, 0 = 2*m - 4*s - 12. Let o be ((-1)/(-3))/(3/18). Suppose -r + 2*r - o = m. Calculate the remainder when 2 is divided by r.
0
Suppose u - 3*q - 21 = 0, 3*q - 15 = -u - 6. What is the remainder when u is divided by 8?
7
Suppose -o - 2*o = 9. Calculate the remainder when (1/1)/(o/(-105)) is divided by 12.
11
Let o = -22 + 44. Let i = o - 16. Calculate the remainder when 21 is divided by i.
3
Let v(k) = 7*k - 4*k - 2 + 10*k**2 + 4*k + k**3. Let p be 1/(-8) + 142/(-16). What is the remainder when v(p) is divided by 9?
7
Suppose 5*r = 119 + 176. What is the remainder when r is divided by 12?
11
Let u = -32 - -58. What is the remainder when 153 is divided by u?
23
Calculate the remainder when 18/81 + (-824)/(-18) is divided by 7.
4
Let o be (4/(-3))/((-1)/33). Suppose 4*w - 2*w + o = 2*m, m - 4*w = 22. What is the remainder when m is divided by 6?
4
Suppose 3*m - 3*u = 135, 5*m - u = -0*m + 229. What is the remainder when m is divided by 17?
12
Let l(o) = -o**3 + 6*o**2 - 4*o + 3. Let t be l(5). Suppose -t*a = -45 - 83. Calculate the remainder when 47 is divided by a.
15
Let w be ((-14)/6)/((-2)/6). Let h = w + -7. Let l = h + 1. What is the remainder when 2 is divided by l?
0
Calculate the remainder when 12 is divided by (1 + 3 - -2) + -1.
2
Calculate the remainder when 3/((-107)/55 + (4 - 2)) is divided by 30.
25
What is the remainder when 22 is divided by 28/(-70) - 1/((-5)/22)?
2
Let x(c) = 13*c**3 + 3*c**2 - 3*c - 3. Let n be x(3). Suppose 10*w = 4*w + n. Calculate the remainder when w is divided by 32.
29
Suppose -z - 3*g = 3 - 11, -z - g + 16 = 0. What is the remainder when 96 is divided by z?
16
Let q = -203 - -207. Let u = -1 + 16. Suppose -u = 3*k - 48. Calculate the remainder when k is divided by q.
3
Suppose 4*l + l - 30 = 0. Let w = -6 - 3. Calculate the remainder when w/3 + 16 + -3 is divided by l.
4
Let g = 7 + 13. What is the remainder when 35 is divided by g?
15
What is the remainder when ((-3)/(9/(-2)))/((-2)/(-93)) is divided by 18?
13
Suppose d = -2*d + 24. Let j(w) = 3*w - 6. Let t be j(d). What is the remainder when 50 is divided by (-3 - -1) + t + 1?
16
Suppose 0*q = 2*q - 8. Suppose 2*z = -q, 5*x = -3*z + 25 + 39. Suppose p + 3 = 30. Calculate the remainder when p is divided by x.
13
Let s(z) = z**2 + 8*z - 7. Let p(u) = u**3 + 2*u**2 - 5*u + 3. Let q be p(-4). Let i = 0 + q. What is the remainder when 2 is divided by s(i)?
0
Let j = 17 + -22. Calculate the remainder when 18 is divided by 2 + 8 + 2 + j.
4
What is the remainder when 148 is divided by (-25)/5 + 21 + -6?
8
What is the remainder when 5/((-10)/(-56)) + 1 is divided by 8?
5
Let n = -2 - -1. Let a(v) = -19*v**2 - 4*v - 1. Let k(p) = -19*p**2 - 5*p - 1. Let o(f) = -5*a(f) + 4*k(f). What is the remainder when o(n) is divided by 7?
6
Let b = 3 + 1. Let g(f) = f**3 - 3*f**2 - f - 3. Let z(a) = a + 13. Calculate the remainder when g(b) is divided by z(-8).
4
Calculate the remainder when 12/(-48) + 618/8 is divided by 20.
17
Calculate the remainder when -114*((-20)/(-12) + -2) is divided by 13.
12
Let m = 130 - 68. Calculate the remainder when m is divided by 21.
20
Suppose 0*n = -5*n + 2*k + 324, -68 = -n + 2*k. What is the remainder when n is divided by 11?
9
Calculate the remainder when (-2)/9 + (-2010)/(-54) is divided by 8.
5
Let w(t) = t**2 + t + 4. What is the remainder when w(6) is divided by 24?
22
Suppose 2*h + 4*t = 28, h + 6 - 20 = 2*t. Let p = h + -5. Calculate the remainder when p is divided by 5.
4
Suppose -3*y - y + 3*p = -34, -y + p = -8. What is the remainder when (-38)/(3 - (3 - -1)) is divided by y?
8
Let k = -3 - -32. Let o(b) = 18*b - 2. Let d be o(3). Suppose -4*j - 4*t + d = 0, -2*j + t = 2*t - 23. Calculate the remainder when k is divided by j.
9
Let y = 139 + -96. What is the remainder when y is divided by 11?
10
Let j = 187 - 77. Calculate the remainder when j is divided by 28.
26
Suppose -5*j + 55 = -0*j. Let u = 72 - 46. Let b = u + -20. Calc